52?
2, 59, 171583
List the prime factors of 234370224.
2, 3, 11, 13451
List the prime factors of 363638093.
7, 13, 19, 210317
What are the prime factors of 348970558?
2, 174485279
What are the prime factors of 8874902?
2, 73, 89, 683
What are the prime factors of 4358254432?
2, 7, 1093, 2543
List the prime factors of 1401201054.
2, 3, 11, 31, 20753
What are the prime factors of 333129306?
2, 3, 107, 518893
What are the prime factors of 56382950?
2, 5, 13, 86743
What are the prime factors of 51329194?
2, 7, 3666371
List the prime factors of 589930040.
2, 5, 7, 263, 8011
List the prime factors of 95341994.
2, 11, 59, 73453
List the prime factors of 2353818907.
11, 213983537
What are the prime factors of 243850590?
2, 3, 5, 211, 12841
List the prime factors of 1093880447.
11, 5009, 19853
What are the prime factors of 505519660?
2, 5, 25275983
What are the prime factors of 80016211?
11, 163, 4057
List the prime factors of 451446293.
43, 244157
What are the prime factors of 7194072?
2, 3, 43, 6971
List the prime factors of 918844611.
3, 17, 83, 131, 1657
What are the prime factors of 625427221?
233, 2684237
List the prime factors of 1126964982.
2, 3, 11, 13, 563, 2333
List the prime factors of 2063708979.
3, 127, 2273, 2383
List the prime factors of 197947411.
113, 409, 4283
What are the prime factors of 89967160?
2, 5, 2249179
List the prime factors of 48264506.
2, 1009, 23917
What are the prime factors of 14501018?
2, 7, 661, 1567
List the prime factors of 90162086.
2, 7, 6440149
List the prime factors of 535230230.
2, 5, 103, 137, 3793
List the prime factors of 2318776608.
2, 3, 17, 1420819
What are the prime factors of 323075271?
3, 107691757
What are the prime factors of 4316082364?
2, 11, 98092781
What are the prime factors of 1445232897?
3, 241, 269, 2477
List the prime factors of 4774728621.
3, 13, 122428939
List the prime factors of 22618251.
3, 31, 61, 443
List the prime factors of 1136615291.
7, 17, 9551389
List the prime factors of 86889402.
2, 3, 1609063
List the prime factors of 4607426973.
3, 6793, 226087
List the prime factors of 36586378.
2, 43, 425423
List the prime factors of 140251388.
2, 19, 97127
What are the prime factors of 971364561?
3, 71, 193, 23629
List the prime factors of 17245841.
2897, 5953
List the prime factors of 33578753.
13, 2582981
What are the prime factors of 81793748?
2, 31, 443, 1489
What are the prime factors of 143695003?
139, 1033777
What are the prime factors of 2837463380?
2, 5, 141873169
What are the prime factors of 102762073?
102762073
List the prime factors of 50239709.
13, 17, 281, 809
What are the prime factors of 108260739?
3, 983, 4079
List the prime factors of 483064224.
2, 3, 5031919
What are the prime factors of 3000150?
2, 3, 5, 59, 113
List the prime factors of 23452690.
2, 5, 17, 137957
List the prime factors of 72856916.
2, 11, 23, 71993
What are the prime factors of 1766721492?
2, 3, 101, 647, 751
List the prime factors of 70577946.
2, 3, 641, 2039
List the prime factors of 393139965.
3, 5, 26209331
What are the prime factors of 148843424?
2, 109, 139, 307
What are the prime factors of 207504265?
5, 199, 347, 601
List the prime factors of 30927870.
2, 3, 5, 23, 67, 223
What are the prime factors of 53949054?
2, 3, 271, 33179
List the prime factors of 624819209.
7, 523, 170669
List the prime factors of 88515399.
3, 7, 59, 199, 359
What are the prime factors of 2178930815?
5, 435786163
List the prime factors of 8297362397.
17, 488080141
List the prime factors of 1373041498.
2, 19, 36132671
What are the prime factors of 98362145?
5, 7, 19, 23, 59, 109
List the prime factors of 151224027.
3, 17, 2965177
List the prime factors of 1493809858.
2, 746904929
What are the prime factors of 463378157?
11, 42125287
List the prime factors of 72408783.
3, 24136261
What are the prime factors of 998782731?
3, 4110217
List the prime factors of 180760710.
2, 3, 5, 13, 101, 353
List the prime factors of 295993832.
2, 101, 366329
What are the prime factors of 4121506832?
2, 59, 71, 61493
List the prime factors of 36870835.
5, 7374167
List the prime factors of 330015841.
43, 233, 32939
What are the prime factors of 103313255?
5, 2311, 8941
What are the prime factors of 1816129426?
2, 541, 577, 2909
What are the prime factors of 46457073?
3, 13, 17, 23357
List the prime factors of 20989133.
11, 23, 3607
List the prime factors of 3150061.
1381, 2281
List the prime factors of 4274392016.
2, 267149501
List the prime factors of 6685285579.
7, 367, 2602291
What are the prime factors of 481954146?
2, 3, 80325691
What are the prime factors of 256581615?
3, 5, 269, 63589
List the prime factors of 9336373325.
5, 23, 73, 347, 641
What are the prime factors of 677651469?
3, 11, 20534893
List the prime factors of 4352524911.
3, 7, 47, 131, 229
What are the prime factors of 11315185?
5, 7, 151, 2141
List the prime factors of 726804559.
13, 1093, 51151
What are the prime factors of 56277196?
2, 43, 327193
What are the prime factors of 4097640405?
3, 5, 29, 9419863
What are the prime factors of 49600654?
2, 24800327
List the prime factors of 796454494.
2, 11, 36202477
What are the prime factors of 1284541373?
127, 10114499
List the prime factors of 205215965.
5, 41043193
What are the prime factors of 269686499?
197, 1368967
List the prime factors of 2109003872.
2, 73, 902827
What are the prime factors of 2693503916?
2, 19, 2309, 15349
What are the prime factors of 786737036?
2, 196684259
List the prime factors of 718641361.
101, 223, 31907
List the prime factors of 83502362.
2, 47, 888323
What are the prime factors of 81595332?
2, 3, 7, 13, 24907
What are the prime factors of 58670879?
19, 31, 99611
What are the prime factors of 258432588?
2, 3, 163, 44041
What are the prime factors of 3523389162?
2, 3, 17, 29, 70067
What are the prime factors of 37673243?
283, 133121
What are the prime factors of 611686882?
2, 305843441
List the prime factors of 26913597.
3, 139, 233, 277
List the prime factors of 1174948806.
2, 3, 8053, 24317
List the prime factors of 1699307184.
2, 3, 47, 71, 103
List the prime factors of 21848540.
2, 5, 7, 156061
List the prime factors of 41854728.
2, 3, 487, 3581
List the prime factors of 192068897.
149, 1289053
What are the prime factors of 6188514515?
5, 1193, 1037471
List the prime factors of 3992575685.
5, 7, 114073591
What are the prime factors of 1420747504?
2, 11, 8072429
List the prime factors of 934298536.
2, 5279, 22123
List the prime factors of 2167576843.
22189, 97687
What are the prime factors of 237816162?
2, 3, 17, 86353
List the prime factors of 479904871.
5851, 82021
What are the prime factors of 16170070?
2, 5, 7, 231001
List the prime factors of 1249500007.
7, 683, 261347
List the prime factors of 2186112434.
2, 11, 99368747
What are the prime factors of 10895885?
5, 7, 11, 13, 311
List the prime factors of 324681647.
103, 3152249
List the prime factors of 4044706371.
3, 89, 5049571
What are the prime factors of 104507223?
3, 34835741
What are the prime factors of 919117998?
2, 3, 239, 213649
What are the prime factors of 42524428?
2, 10631107
List the prime factors of 771038046.
2, 3, 41, 1044767
List the prime factors of 171941531.
31, 863, 6427
What are the prime factors of 37574522?
2, 17, 149, 7417
What are the prime factors of 1105087089?
3, 368362363
List the prime factors of 997021393.
61, 389, 42017
What are the prime factors of 83627301?
3, 17, 1639751
What are the prime factors of 1398831713?
5839, 239567
What are the prime factors of 505010548?
2, 7, 18036091
List the prime factors of 75866554.
2, 47, 61, 101, 131
What are the prime factors of 336021080?
2, 5, 19, 67, 6599
What are the prime factors of 184259692?
2, 5851, 7873
List the prime factors of 7093192.
2, 317, 2797
List the prime factors of 24899449.
24899449
List the prime factors of 43847130.
2, 3, 5, 29, 101, 499
What are the prime factors of 1436551299?
3, 283, 564017
What are the prime factors of 519286407?
3, 191, 906259
What are the prime factors of 207806675?
5, 8312267
List the prime factors of 384447718.
2, 2423, 79333
What are the prime factors of 269430695?
5, 53886139
List the prime factors of 56323243.
109, 516727
List the prime factors of 266797986.
2, 3, 7, 13, 488641
What are the prime facto